
Is 102582479 composite?
False
Is 71946614 a composite number?
True
Is 3378643 a prime number?
True
Is 376081 a prime number?
True
Is 4164005 prime?
False
Is 6973573 prime?
True
Is 3036151 a composite number?
False
Is 9841603 a prime number?
False
Is 21905101 prime?
False
Is 1060831 composite?
True
Is 135744493 a prime number?
False
Is 6206779 composite?
False
Is 4187947 prime?
False
Is 8294639 prime?
False
Is 1258766233 composite?
True
Is 290193247 a composite number?
True
Is 33596191 a prime number?
False
Is 11776097 prime?
True
Is 14615207 a composite number?
True
Is 22757653 composite?
True
Is 606703 prime?
False
Is 99398174 prime?
False
Is 3580357 a composite number?
True
Is 9631397 a composite number?
False
Is 4938569 prime?
False
Is 5104279 a composite number?
True
Is 7762543 a prime number?
True
Is 244571089 a composite number?
True
Is 584249 a composite number?
False
Is 12261787 prime?
False
Is 132941759 a prime number?
False
Is 382403 a composite number?
True
Is 11372117 a composite number?
False
Is 5763197 a composite number?
True
Is 41640251 a composite number?
False
Is 216670739 composite?
False
Is 6782151 a prime number?
False
Is 171465607 prime?
True
Is 857407 composite?
False
Is 186095461 composite?
True
Is 77059 composite?
True
Is 280583 a prime number?
True
Is 17117899 prime?
True
Is 651447967 composite?
True
Is 3877727 a composite number?
True
Is 6909247 composite?
False
Is 39104743 prime?
False
Is 1755319 composite?
False
Is 10315979 a composite number?
False
Is 382413579 a composite number?
True
Is 362030239 a composite number?
False
Is 8638471 a prime number?
True
Is 15310127 prime?
False
Is 1156721 a composite number?
False
Is 3816887 a composite number?
True
Is 29764939 a prime number?
False
Is 1696501 a composite number?
False
Is 226940543 prime?
False
Is 2349229 prime?
False
Is 24532327 a composite number?
True
Is 257515 prime?
False
Is 193552537 a prime number?
True
Is 130755671 a composite number?
False
Is 4038542 prime?
False
Is 1213974469 a prime number?
False
Is 219770263 prime?
True
Is 1342723 a prime number?
True
Is 5487761 prime?
True
Is 3165329 composite?
True
Is 3522859 composite?
True
Is 3557551 composite?
False
Is 4243237 composite?
False
Is 55340102 composite?
True
Is 108381467 a composite number?
False
Is 77071727 a prime number?
False
Is 59301283 a composite number?
False
Is 20509207 composite?
False
Is 4933613 a prime number?
False
Is 53764787 a composite number?
True
Is 1977187 composite?
False
Is 419491307 a composite number?
False
Is 14931679 composite?
True
Is 26626627 composite?
False
Is 137521357 prime?
True
Is 33035071 a composite number?
False
Is 52203889 composite?
True
Is 15915169 a composite number?
False
Is 3676549 a prime number?
True
Is 21401251 prime?
True
Is 19711361 composite?
False
Is 224387731 a prime number?
True
Is 124958423 composite?
False
Is 17074487 a composite number?
True
Is 207759127 prime?
True
Is 67615451 prime?
False
Is 20894213 prime?
True
Is 46592863 prime?
True
Is 161101687 a composite number?
False
Is 39725099 prime?
False
Is 19883189 prime?
False
Is 2169653 a prime number?
True
Is 772439 a composite number?
False
Is 12830243 a composite number?
False
Is 218811089 composite?
True
Is 44056309 a composite number?
True
Is 127256963 composite?
False
Is 196785463 prime?
False
Is 958423 a prime number?
True
Is 64503697 prime?
False
Is 39151969 prime?
False
Is 527341 prime?
False
Is 4114923 a composite number?
True
Is 575647133 composite?
False
Is 13931518 a prime number?
False
Is 15030953 a prime number?
False
Is 296123027 prime?
True
Is 203832826 prime?
False
Is 12064879 a composite number?
False
Is 6517977 prime?
False
Is 1961581 a composite number?
False
Is 9183709 a prime number?
True
Is 436217 a composite number?
False
Is 388883717 prime?
False
Is 4875593 composite?
True
Is 37711567 prime?
False
Is 2455711 composite?
False
Is 85067935 a composite number?
True
Is 33901811 prime?
False
Is 8113211 prime?
True
Is 124835 a prime number?
False
Is 996337697 composite?
False
Is 23239707 prime?
False
Is 4550929 prime?
False
Is 6732017 prime?
False
Is 7915745 a composite number?
True
Is 277030443 a prime number?
False
Is 93417581 a composite number?
False
Is 3048649 a composite number?
True
Is 15967907 a prime number?
True
Is 83747177 composite?
False
Is 15413513 composite?
True
Is 59812981 a prime number?
False
Is 4470683 a composite number?
True
Is 35901703 prime?
True
Is 5609501 a composite number?
False
Is 1313401 composite?
True
Is 695279797 a prime number?
True
Is 2913167 a prime number?
True
Is 471779135 prime?
False
Is 75993731 a composite number?
True
Is 6524911 a prime number?
False
Is 10558681 composite?
True
Is 61114871 a composite number?
False
Is 50015023 a prime number?
True
Is 32797186 prime?
False
Is 38618711 a composite number?
True
Is 48388927 a composite number?
True
Is 8564167 a composite number?
False
Is 15521027 prime?
True
Is 445079606 composite?
True
Is 18431079 a composite number?
True
Is 1737577 composite?
True
Is 769288957 a prime number?
True
Is 3244889 a prime number?
True
Is 15328723 composite?
True
Is 1868627813 a prime number?
False
Is 57157337 prime?
False
Is 32017787 prime?
True
Is 10946083 prime?
False
Is 658172283 a prime number?
False
Is 97267619 composite?
False
Is 983063 a prime number?
True
Is 13565471 composite?
False
Is 218934337 composite?
False
Is 449474 a prime number?
False
Is 17322901 composite?
False
Is 402131 prime?
True
Is 4753459 a prime number?
True
Is 7364893 a composite number?
True
Is 90931043 a prime number?
False
Is 89143 a prime number?
False
Is 8425133 prime?
True
Is 33764267 a prime number?
True
Is 8650769 a prime number?
False
Is 17716343 a prime number?
False
Is 73226051 a composite number?
False
Is 447811405 composite?
True
Is 135401471 a prime number?
True
Is 11311567 a composite number?
False
Is 97954319 a prime number?
False
Is 654254 prime?
False
Is 45593503 a composite number?
False
Is 1166735 prime?
False
Is 18134401 a prime number?
False
Is 2869241 prime?
True
Is 30165739 a composite number?
True
Is 15778681 prime?
True
Is 5668129 a composite number?
False
Is 24280393 a composite number?
False
Is 54430913 composite?
True
Is 11530091 composite?
False
Is 4851529 composite?
False
Is 898092953 composite?
False
Is 737791 composite?
True
Is 11352383 composite?
True
Is 104924605 a composite number?
True
Is 105531977 a prime number?
False
Is 126381923 a prime number?
True
Is 48238549 prime?
False
Is 9199613 composite?
True
Is 445261 a composite number?
False
Is 104416139 composite?
False
Is 147031627 a prime number?
True
Is 395732837 prime?
True
Is 720671 composite?
True
Is 131308631 composite?
False
Is 5725819 prime?
False
Is 3750199 prime?
True
Is 246123937 a prime number?
False
Is 3206143 prime?
True
Is 9745 a prime number?
False
Is 25833781 a prime number?
False
Is 2271067 a prime number?
True
Is 499458857 prime?
True
Is 60650378 a prime number?
False
Is 795347 a prime number?
False
Is 35759021 composite?
False
Is 13828531 prime?
False
Is 100630423 a composite number?
False
Is 506629 composite?
False
Is 5043413 a composite number?
False
Is 401825101 a prime number?
True
Is 1306213 composite?
False
Is 8734105 a prime number?
False
Is 26518717 prime?
True
Is 4642967 a composite number?
True
Is 2028053 a prime number?
True
Is 25559491 composite?
False
Is 560392809 composite?
True
Is 23533537 prime?
False
Is 253064281 a prime number?
True
Is 5517791 composite?
True
Is 10660657 composite?
True
Is 46796941 composite?
False
Is 6079547 prime?
True
Is 365527 prime?
True
Is 24653831 a composite number?
True
Is 29377237 a composite number?
False
Is 321214277 prime?
False
Is 128543 a composite number?
True
Is 1668431 a composite number?
True
Is 651589849 a composite number?
True
Is 22264027 prime?
False
Is 878376617 prime?
True
Is 1872709 a prime number?
False
Is 9271135 a composite number?
True
Is 9597773 a composite number?
True
Is 1224673 composite?
False
Is 8852429 prime?
True
Is 39177559 composite?
False
Is 13551833 a prime number?
False
Is 111673517 a composite number?
False
Is 10889861 a composite number?
True
Is 7247191 a composite number?
True
Is 124745746 a composite number?
True
Is 313615 prime?
False
Is 2890